ple of 12?
True
Does 26 divide 10239710?
True
Is 624 a factor of 172541160?
False
Is 201135 a multiple of 11?
True
Is 459144136 a multiple of 44?
True
Is 167559357 a multiple of 139?
True
Is 85 a factor of 60287878?
False
Does 32 divide 1443720216?
False
Is 87421328 a multiple of 6?
False
Is 56823631 a multiple of 236?
False
Is 1156 a factor of 481111744?
False
Is 23666196 a multiple of 1524?
True
Is 7233796 a multiple of 19?
False
Is 473851829 a multiple of 184?
False
Does 139 divide 992710997?
False
Is 61 a factor of 10347851?
False
Does 17 divide 941239527?
True
Is 88 a factor of 6784712?
True
Is 20119159 a multiple of 1998?
False
Is 43283475 a multiple of 235?
True
Is 1477511911 a multiple of 10?
False
Does 24 divide 172032480?
True
Does 2136 divide 1567768464?
True
Is 845 a factor of 218691915?
True
Is 41 a factor of 12882666?
False
Is 2032271712 a multiple of 2758?
False
Does 4141 divide 600705883?
True
Does 68 divide 6128391?
False
Does 8 divide 4864272?
True
Is 382496112 a multiple of 447?
True
Does 4 divide 258695940?
True
Does 9 divide 1535173047?
True
Does 607 divide 31875168?
False
Is 26 a factor of 67905870?
False
Is 61 a factor of 263778246?
False
Is 251691415 a multiple of 1979?
False
Is 33428610 a multiple of 549?
True
Is 21 a factor of 6188239491?
True
Is 15933412 a multiple of 270?
False
Is 58298199 a multiple of 37?
True
Does 89 divide 28219872?
False
Is 9 a factor of 48010599?
True
Is 21 a factor of 39015087?
False
Does 441 divide 47395153?
False
Is 457 a factor of 53409590?
True
Is 133154658 a multiple of 39?
True
Does 37 divide 31622799?
False
Does 18 divide 269208?
True
Is 20104626 a multiple of 141?
True
Is 71 a factor of 51276810?
False
Is 5 a factor of 16271840?
True
Is 146 a factor of 733027366?
False
Is 575263614 a multiple of 577?
False
Does 227 divide 4030158?
True
Is 53751182 a multiple of 3?
False
Is 337 a factor of 24963275?
True
Is 2640 a factor of 446174434?
False
Is 11 a factor of 96374982?
True
Does 1770 divide 943590634?
False
Is 19 a factor of 12844884?
False
Is 27381600 a multiple of 800?
True
Does 73 divide 509458893?
False
Is 561883740 a multiple of 530?
True
Does 13 divide 44722459?
False
Is 13 a factor of 8542144?
True
Is 4201275 a multiple of 465?
True
Is 1264489 a multiple of 575?
False
Is 18446219 a multiple of 12?
False
Is 33 a factor of 17558112?
True
Is 1144275607 a multiple of 583?
False
Does 242 divide 54382102?
False
Does 265 divide 219975705?
True
Is 2614 a factor of 23455422?
True
Is 267 a factor of 1207858872?
True
Is 3357465 a multiple of 3?
True
Does 19 divide 405516404?
False
Does 123 divide 96851799?
True
Does 219 divide 337548315?
False
Is 2 a factor of 7841029?
False
Is 112 a factor of 203640864?
True
Is 10737920 a multiple of 8?
True
Does 758 divide 600523440?
False
Is 1162 a factor of 14814338?
True
Does 15 divide 212584080?
True
Is 53097682 a multiple of 127?
False
Does 84 divide 2352588?
True
Is 684 a factor of 73681848?
True
Does 27 divide 314114479?
False
Is 10 a factor of 21210420?
True
Is 11942232 a multiple of 8?
True
Is 2153 a factor of 25093215?
True
Is 377291 a multiple of 87?
False
Does 49 divide 737281244?
True
Is 719 a factor of 785665680?
True
Is 29679800 a multiple of 175?
False
Is 2528993207 a multiple of 32?
False
Does 473 divide 1919285478?
True
Does 199 divide 305417896?
False
Is 1767 a factor of 58767993?
False
Does 4 divide 3916940?
True
Is 272 a factor of 1520325126?
False
Does 2 divide 5329494?
True
Does 2827 divide 1873679060?
True
Does 131 divide 5030269?
True
Does 26 divide 67456982?
False
Does 237 divide 2715121?
False
Does 192 divide 50866176?
True
Is 3248382198 a multiple of 3149?
False
Is 11209692 a multiple of 181?
True
Is 157859704 a multiple of 3721?
True
Is 70 a factor of 66662276?
False
Is 85475 a multiple of 25?
True
Is 1813 a factor of 694598373?
True
Is 41 a factor of 191759009?
True
Is 39 a factor of 138791640?
True
Is 6 a factor of 2032871262?
True
Is 20600166 a multiple of 758?
True
Is 758 a factor of 77981524?
True
Is 2892 a factor of 1933064856?
True
Does 34 divide 5699420?
True
Is 11 a factor of 132339937?
False
Is 14 a factor of 512293499?
False
Does 102 divide 76225008?
True
Is 315 a factor of 474282364?
False
Does 60 divide 21950426?
False
Is 59665900 a multiple of 25?
True
Is 180 a factor of 5939892?
False
Is 621 a factor of 920897667?
True
Is 334194400 a multiple of 160?
True
Is 284 a factor of 33421972?
True
Is 16045941 a multiple of 1511?
False
Does 4829 divide 453022977?
True
Is 2 a factor of 19241124?
True
Does 3 divide 1155885568?
False
Is 2304 a factor of 71486208?
True
Does 2 divide 24614325?
False
Is 2479 a factor of 7721222308?
True
Does 16 divide 653328?
True
Does 13 divide 26599560?
True
Is 13 a factor of 3056291?
False
Does 322 divide 135917488?
True
Is 26 a factor of 238124000?
False
Does 1946 divide 548771144?
False
Is 1859973 a multiple of 232?
False
Does 54 divide 14476320?
True
Is 146 a factor of 1242711?
False
Does 3 divide 7556100?
True
Is 45 a factor of 21819105?
True
Is 2547 a factor of 1388336394?
False
Is 128406261 a multiple of 2203?
True
Does 41 divide 7720689506?
False
Does 1585 divide 136630170?
True
Is 228 a factor of 356212522?
False
Is 35753478 a multiple of 1273?
True
Does 10 divide 7342384?
False
Is 6181777 a multiple of 15?
False
Does 3 divide 685894?
False
Is 158703168 a multiple of 1574?
False
Does 15 divide 24008763?
False
Is 10 a factor of 308040671?
False
Does 25 divide 723865325?
True
Is 49 a factor of 827753439?
False
Does 50 divide 47067598?
False
Is 524 a factor of 4455004372?
False
Is 12 a factor of 1072129116?
True
Is 223661403 a multiple of 24?
False
Does 56 divide 22795882?
False
Is 208386600 a multiple of 1290?
True
Does 3430 divide 320100188?
False
Is 43953615 a multiple of 47?
False
Does 9 divide 48426480?
True
Does 51 divide 64979938?
False
Is 665 a factor of 640278513?
False
Is 2223 a factor of 531731066?
False
Does 1622 divide 375877414?
True
Is 17284462 a multiple of 13?
True
Does 2712 divide 166970205?
False
Is 818835518 a multiple of 272?
False
Does 446 divide 1591581328?
True
Is 9 a factor of 191376?
True
Does 1912 divide 494773976?
True
Does 8 divide 112616828?
False
Is 30421980 a multiple of 90?
True
Is 25461734 a multiple of 7?
False
Is 18 a factor of 23063958?
True
Is 33030608 a multiple of 16?
True
Does 90 divide 104890860?
True
Is 5931 a factor of 147977736?
False
Is 20055461 a multiple of 44?
False
Is 418733657 a multiple of 9?
False
Is 13 a factor of 33966361?
True
Is 39 a factor of 52438354?
False
Does 883 divide 1253739777?
False
Does 94 divide 447917649?
False
Is 694 a factor of 314495122?
True
Does 1509 divide 35773052?
False
Is 1067086710 a multiple of 394?
False
Is 797 a factor of 1387682719?
False
Is 133 a factor of 90483967?
False
Does 3669 divide 48058366?
False
Does 25 divide 14067950?
True
Does 58 divide 1167220293?
False
Is 429970425 a multiple of 3033?
False
Does 10 divide 19074104?
False
Does 29 divide 420068873?
False
Is 1825664282 a multiple of 36?
False
Is 1405455840 a multiple of 30?
True
Is 1815 a factor of 393069105?
True
Does 3511 divide 290233304?
True
Is 36 a factor of 15577632?
True
Is 91744002 a multiple of 27?
True
Is 95 a factor of 1135535?
True
Is 171714668 a multiple of 254?
True
Does 3438 divide 941916573?
False
Is 33675315 a multiple of 15?
True
Is 6227459 a multiple of 306?
False
Is 112 a factor of 923819680?
True
Does 18 divide 5506812?
True
Is 72 a factor of 82750995?
False
Is 95 a factor of 1227076726?
False
Is 2 a factor of 15731157?
False
Does 119 divide 3650444?
True
Is 41 a factor of 4837476557?
False
Does 47 divide 748590563?
False
Is 2540 a factor of 6525260?
True
Is 16647936 a multiple of 5?
False
Is 501505965 a multiple of 283?
False
Is 53 a factor of 5175483?
False
Is 1664 a factor of 39147247?
False
Is 251747682 a multiple of 361?
True
Is 428866434 a multiple of 382?
True
Is 189 a factor of 256732497?
True
Is 24 a factor of 30787931?
False
Is 3 a factor of 23411688?
True
Is 197969228 a multiple of 18?
False
Is 76339376 a multiple of 130?
False
Is 48581863 a multiple of 91?
False
Is 8055775 a multiple of 35?
True
Is 1042504155 a multiple of 189?
True
Is 126 a factor of 9858785?
False
Is 14352771 a multiple of 1007?
True
I